= 0. What is the greatest common factor of 6 and r?
3
Let r = -61 + 107. Calculate the highest common factor of 69 and r.
23
Let b = 1 + 4. Let t be (-1)/(-2)*2*-1. Let g be t*(2 - 1 - 56). Calculate the greatest common divisor of b and g.
5
Let m be 2/3 - 236/3. Let r = 115 + m. Let n = -24 + r. What is the greatest common divisor of n and 117?
13
Let t(c) = 3*c**2 + 3*c. Let q be t(-2). Suppose 108 = 2*y - 0*y. What is the greatest common factor of q and y?
6
Suppose 0 = v + 2*w - 31, 0*v - 22 = -2*v + 4*w. Let h(q) = 2*q - 1. Let u be h(4). Let l be ((-12)/u)/((-2)/v). What is the highest common factor of l and 9?
9
Suppose 5*c - 25 = -2*r + 74, -r + 78 = 4*c. Suppose 2*i + 911 = 4*x + 381, 1 = i. Calculate the highest common divisor of c and x.
19
Let b = 104 - 68. Let t(k) = 2*k**2 + 3*k. Let y(x) = x**3 + x**2 + 2*x - 6. Let n be y(0). Let h be t(n). Calculate the highest common factor of h and b.
18
Suppose -y + 6*y = 75. What is the greatest common factor of y and 120?
15
Let b be (-2444)/(-18) - 4/(-18). Suppose 160 - 58 = 6*m. What is the highest common divisor of m and b?
17
Suppose 4*i + r = -131 + 534, r = i - 97. Calculate the highest common divisor of 40 and i.
20
Suppose 5 + 4 = 2*a + 5*i, 2*a - 4*i = 0. What is the highest common factor of a and 16?
2
Let v be (-4)/(((-2)/(-4))/1). Let d be v/28 + 172/14. What is the highest common divisor of 24 and d?
12
Let c(w) = 2*w**2 + 17*w + 12. Let p be c(-8). Calculate the highest common divisor of p and 20.
4
Let i = -32 - -54. Let c = 420 - 244. Calculate the highest common divisor of c and i.
22
Suppose 0 = -3*z - 5 + 47. Calculate the greatest common divisor of 70 and z.
14
Let q = 276 - 124. What is the greatest common factor of q and 19?
19
Let g(l) = -2*l**3 - 2*l**2 - 4*l + 4. Let b be g(-4). Calculate the greatest common factor of b and 29.
29
Let u be 2/(-1) + -12 + 21. Calculate the greatest common divisor of 14 and u.
7
Let f = 5 - 0. Let h(y) = -y**2 + 12*y + 18. Let t be h(13). Calculate the greatest common divisor of t and f.
5
Let u be (-12)/10*5/(-3). Calculate the greatest common factor of u and 16.
2
Let n = -5 + 9. Suppose 0 = -2*c + 3*y + 2*y + 53, 0 = c - n*y - 34. What is the greatest common divisor of c and 126?
14
Let y be (-2)/(-8) + (-3)/(24/(-1406)). Calculate the greatest common factor of y and 16.
16
Suppose 4*t + 5*j - 16 = 6, -2*j + 28 = 4*t. Let z = -2 + 6. Suppose b + 3 - 4 = 0, -z*p + 260 = 4*b. Calculate the highest common factor of t and p.
8
Suppose 2*c = c + 21. Let m = c + -13. Let p be (8/(-10))/((-3)/240). Calculate the greatest common divisor of m and p.
8
Suppose 3*h = h + 18. Let o be (5/(15/h))/1. Suppose 33 = o*r - 3. Calculate the greatest common divisor of 60 and r.
12
Suppose 6*g - 13*g = -140. What is the highest common factor of 8 and g?
4
Let i be 1314/72 + (-2)/8. What is the greatest common factor of 45 and i?
9
Let q(t) = -968*t**2 - 3*t - 1. Let x be q(-2). Let u be (-4)/26 + x/(-39). What is the highest common divisor of 9 and u?
9
Let u be 40/3 + 2/3. Suppose -4*o + 26 + u = 0. Let h = o - 4. What is the highest common factor of h and 48?
6
Let g = 9 - 19. Let o be (-14)/g - 4/10. Suppose 16 = 5*i - i. Calculate the highest common factor of o and i.
1
Let l = 14 + -13. What is the greatest common divisor of 1 and l?
1
Let w = -2 - -4. Suppose 45 = m + w*m. Calculate the greatest common factor of 10 and m.
5
Let c(k) = -40*k. Let j(y) = 10*y. Let i(s) = 2*c(s) + 9*j(s). Let m be i(1). Let z be (-3 - -8)/(0 + 1). What is the highest common divisor of z and m?
5
Let d be 84/3 - (5 - 13)/(-4). Calculate the highest common factor of d and 65.
13
Let a(q) = q + 16. Let c be a(16). What is the highest common factor of c and 4?
4
Let x be 32*(15/(-12) + 2). Let t = 0 - 9. Let l = -5 - t. What is the highest common divisor of x and l?
4
Let h(p) = 5*p + 76. Let g be h(-10). Calculate the greatest common divisor of g and 91.
13
Suppose 18 = o - 0*o + 4*d, 4*d - 30 = -3*o. Suppose 0 = -h + 5*z + 51 + 19, 8 = -4*z. Calculate the greatest common divisor of o and h.
6
Suppose a - 29 = 35. Calculate the greatest common divisor of a and 8.
8
Let j(g) = 5*g**2. Let d be j(-1). Suppose 0 = l - 3*b + 2*b - 33, -15 = d*b. Calculate the greatest common divisor of 12 and l.
6
Let v be -2 + 15 + -1 - -2. Suppose -v - 130 = -4*g. Let o(w) = -8*w**3 + 2*w**2 + 2*w + 1. Let r be o(-1). What is the highest common factor of r and g?
9
Let l be ((-5)/(-15))/((-2)/(-6)). Let m be -3 + (98 + 2 - l). What is the highest common factor of 16 and m?
16
Let h(q) = -q**2 - 70. Let m be h(0). Let n be ((-36)/(-5))/((-4)/m). Calculate the highest common divisor of n and 14.
14
Let y = 5 - -19. What is the greatest common factor of y and 24?
24
Let r be ((-224)/21)/(6/(-9)). Calculate the greatest common factor of r and 16.
16
Suppose 108 = -3*r + 9*r. What is the greatest common factor of 54 and r?
18
Let o be ((-10)/15)/(-2*3/234). Calculate the highest common divisor of o and 13.
13
Let j(c) = 2*c**2 + c - 4. Suppose -5*i + 2*k - 24 = -i, -k + 4 = 0. Let u be j(i). Suppose -t - u = -5*t. What is the greatest common factor of t and 66?
6
Let s be (1 - -17)/(6/(-15)). Let z be s/(-9) + (-1)/(-1). Suppose 0 = -2*v + 5*v - 144. Calculate the highest common factor of z and v.
6
Suppose -j = -6*j + 45. Calculate the greatest common divisor of j and 99.
9
Suppose -4*h = -2*h. Suppose -k + h*k = -1. Let y be (-3*k + 1)*-1. Calculate the highest common divisor of 22 and y.
2
Let l = 22 - 33. Let w = -5 - l. What is the greatest common factor of w and 54?
6
Suppose -2*v + 3*h = 3*v - 71, -v + 4*h = -4. Suppose -4*f + v = -0*f. Calculate the highest common factor of f and 24.
4
Suppose -2*j = -4, w + 16 = 3*w + 5*j. Suppose -q - w*q = -352. Let d be 1/3 + (-64)/(-6). What is the highest common factor of q and d?
11
Let n(s) = s**3 + 12*s**2 + 12*s + 11. Let z be n(-11). Let p(v) = v**3 + 6. Let h be p(z). What is the greatest common divisor of 24 and h?
6
Suppose 102 - 774 = -3*v. Calculate the highest common factor of v and 28.
28
Let b(z) = 3*z - 1. Suppose 0 = -5*r - 10, -4*t + r + 0*r + 18 = 0. Let u be b(t). Calculate the greatest common factor of u and 77.
11
Let f(m) be the second derivative of m**4/12 - m**3/6 + 27*m**2 + m. Let w be f(0). What is the highest common factor of w and 36?
18
Let z be (-81)/(-2)*(-8)/(-12). Let i be 3/(z/15)*-3. Let t(l) = -2*l - 6. Let d be t(i). Calculate the highest common factor of d and 12.
4
Suppose 0 = 2*m + y + 7 - 3, 5*y = 2*m - 20. Suppose 0*t - 3*t + 78 = m. Let z = 103 - 38. What is the greatest common divisor of z and t?
13
Let w(p) = 12*p**2 - 2*p - 2. Let q be w(-5). Suppose 0 = 2*a - 2*f - 316, 4*a - 5*a - f = -150. Let s = q - a. What is the highest common divisor of s and 14?
14
Let y(c) = -c**2 - 8*c - 9. Let k be y(-4). Suppose 0 = -4*z - 0*z + 5*s + 31, 5*s + k = -2*z. Calculate the highest common factor of 16 and z.
4
Let d = 86 + -51. Suppose 4*a - 99 = -d. Let u = 53 - 37. What is the highest common factor of u and a?
16
Suppose -i = 3*o + 8 - 55, -3*i - 12 = 0. What is the greatest common divisor of o and 119?
17
Suppose 0 = -g - g + 66. Let l = 48 - g. Let i = 175 - 100. Calculate the highest common factor of l and i.
15
Let o be (42/24)/((-1)/(-8)). Let a = o - 9. Suppose 0 = 3*m - m - 110. What is the highest common divisor of a and m?
5
Suppose 2*b + 4*w - 71 = -3*b, 5*w = 3*b - 13. Let z = b + -3. Calculate the highest common factor of 24 and z.
8
Let r = -4 - 0. Let q be (-1254)/(-21) + r/(-14). Suppose 26 = 5*v - 34. Calculate the highest common divisor of v and q.
12
Suppose b - 5*g - 6 = -1, -4*b - 2*g + 130 = 0. Let i = 51 - 36. Calculate the greatest common divisor of i and b.
15
Let y = -24 + 54. Let a be ((2 - 1)*0)/1. Suppose 0 = 3*c - 18 - a. What is the greatest common divisor of c and y?
6
Suppose -4*v = 3*t - 9*v - 385, -15 = 3*v. What is the greatest common factor of 24 and t?
24
Let j(t) = -t**3 - 2*t**2 + 4*t - 5. Let k be j(-5). Let a = k - 4. Suppose 8*w - 4*w = 460. Calculate the greatest common divisor of w and a.
23
Suppose 2*g = 7*g - 80. Let a(v) = 11*v - 7. Let o be a(5). Calculate the highest common divisor of o and g.
16
Suppose -4*u - 2*x = -3*u - 47, 4*u - 149 = 5*x. Suppose